m**2 + 5*m + 8. Let g(h) = 5*p(h) - 2*z(h). Give g(-2).
0
Let k(j) = -6*j + 44*j**2 + 45*j**2 + 3 - j**3 - 121*j**2 + 39*j**2. What is k(6)?
3
Let q(m) be the third derivative of m**6/120 + m**5/10 + m**4/6 + 11*m**3/6 - 212*m**2. Determine q(-6).
-13
Suppose 0 = f + 3*f - 3*b - 25, 0 = -f + 2*b + 5. Let o(z) = -z**3 + 2*z. Let d be o(-2). Let k(u) = -3 + 0*u + f*u - d*u. What is k(4)?
9
Let t be (-4*(5 + -4))/(-1). Let p(d) = d - 16. Let v(l) = l - 17. Let h(u) = t*p(u) - 5*v(u). What is h(9)?
12
Let i(a) be the second derivative of a**7/2520 - a**6/90 - a**5/30 + a**4/2 + 12*a. Let h(y) be the third derivative of i(y). Give h(8).
-4
Let q be (-2)/(-4) + (-26)/4. Let r(s) = 44*s**2 - 10*s - 45*s**2 + 2*s - 7. Determine r(q).
5
Suppose 0 = -2*l + 2*z, 3*l - 4 = z + 4. Let b(f) = -5*f**2 - 2 + 6*f + l*f**2 - 2*f. Give b(5).
-7
Let r be (1*-5)/(125/150). Let a(h) = -4*h + 0*h - h**2 - 3*h + 1. Determine a(r).
7
Let j(m) = -2*m**2 - 9*m - 14. Let c be (1 - 18/10)/((-94)/(-470)). Determine j(c).
-10
Let s(o) = o**2 - 5*o + 1. Let d(p) = -p**3 + 4*p**2 + 3*p + 3. Let u be d(5). Let h be (-12)/16 - u/4. Let j = h + 4. Determine s(j).
1
Let s(u) = -18*u. Let z be 14 + -13 + 2 + -2. Give s(z).
-18
Let v = 9 - 5. Suppose g + v = -1. Let q(r) be the second derivative of -r**4/12 - 7*r**3/6 + r**2/2 - 2*r - 38. Determine q(g).
11
Suppose 0 = -5*y - 2*d + 108, 4*y + 4*d - 73 - 23 = 0. Suppose -3*g - g + y = 0. Let z(t) = 482*t**3 - 5*t + 5 - 5*t**2 + 2*t - 481*t**3. Calculate z(g).
-10
Let u(j) = 4*j**2 + 31*j - 6. Let a be u(-8). Let z(f) = 2*f**3 - 3*f**2 + 2*f - 2. Determine z(a).
6
Let o be 110/99 - 2*2/36. Let s(t) = 26*t**3 - t**2 + t - 1. Calculate s(o).
25
Let f be (21/14)/((-1)/10). Let t = -19 - f. Let w(d) = -d**2 - 7*d - 5. What is w(t)?
7
Let d(o) = o + 145 + 138 - 283 - o**2 - 7*o**2. Let i be 3/2*2/3. Determine d(i).
-7
Let h(l) = -l**2 + 5*l + 1. Let c be 255/(-9) - (-1)/3. Let g(d) = 10*d**2 + 2*d - 4. Let o be g(-2). Let b = c + o. Determine h(b).
5
Let o(x) be the second derivative of x**4/6 + x**3 + 5*x**2/2 + 17*x. Let s be o(-3). Let d(u) = -2*u + 0*u + 0*u - 7. Give d(s).
-17
Let a(l) be the first derivative of 0*l + 1/2*l**2 - 14. What is a(6)?
6
Let j(f) = -5*f**2 + 7*f - f**2 + 5 + 1 + 4*f - f**3. Let h(i) = i**2 - 2*i - 55. Let l be h(8). Determine j(l).
-22
Let r(o) = -6*o. Suppose -20 = -4*x - x. Let s be -4 + (x - 5) + 8. Let a be s/(-2)*26/(-39). Calculate r(a).
-6
Let r(g) = g**3 - 5 - 6 + 4*g - 2 - 6*g**2 + 3 + 3. Give r(6).
17
Let t(r) = 14*r**3 - r**2 + 1. Let v be 1/(((-1)/(-2))/(8/(-16))). Calculate t(v).
-14
Let x(n) be the third derivative of -n**6/120 + n**5/20 + n**4/4 - n**3/6 + 3*n**2 + 29*n. Give x(5).
-21
Let y(l) = -l. Let d be y(-15). Let t be (-21)/2*(-10)/d. Let b(w) = -2 + 4*w**3 - 5*w**3 + 6 - 4*w + t*w + w**2. Determine b(3).
-5
Let f(s) = s - 7. Let x(g) = -9*g - 336. Let n be x(-38). Determine f(n).
-1
Suppose 0 = -d - 3*d - i - 26, 0 = -4*d + 2*i - 32. Let l(c) = -c**3 - 7*c**2 + 3*c + 14. Determine l(d).
-7
Let b(r) = -6*r + 8. Suppose 0 = -4*v + 2*t + 28, -2*v = -2*t + 6*t - 34. Give b(v).
-46
Let g be 8/10 - 13/(195/(-108)). Let o(v) = v**3 - 8*v**2 - 2*v + 10. Let j be o(g). Let i(f) = -4*f - 3. Give i(j).
21
Let z(h) = -2*h - 9. Let k(g) = g + 5. Let w(i) = 11*k(i) + 6*z(i). Suppose j - 3 = -2*b, -3*b + j - 9 = b. Give w(b).
2
Let v = -5 - -5. Suppose -3*i - 3 + 30 = v. Let b(k) = 2 - 8*k**3 - 2 + 2*k**2 - 2*k + i*k**3. What is b(-2)?
4
Let w(u) = -14*u**2 + 19784 - 19784. Suppose -6 = -2*x - 2. Let q = -3 + x. Give w(q).
-14
Let q(d) = 5*d - 12*d + 0*d**2 + 4 - 3*d + d**2. Determine q(9).
-5
Let b(i) = -10*i - 5. Let v(r) = r**3 + 15*r**2 - 17*r - 19. Let y be v(-16). Let k be b(y). Let q = -30 + k. Let c(d) = 3*d + 6. Give c(q).
-9
Let d be ((-2)/2)/((-1)/6). Let z(g) be the second derivative of -g**3/6 + 3*g**2 + 44*g + 1. Calculate z(d).
0
Suppose -2*n - z - 73 = 0, 53 = -3*n - z - 54. Let m = -30 - n. Let x(f) = -2*f + 5. Calculate x(m).
-3
Let v(o) = -17 - 8*o**2 - 16*o**2 - 14*o**2 - 10*o**2 - 10*o + 47*o**2. Calculate v(-9).
-8
Let v(l) = -2*l - 4. Let q(b) = 3*b + 9. Let m be q(0). Let j be 1 + 94/(-18) + 2/m. Calculate v(j).
4
Let u(t) = 30*t**2 - t + 1. Let z be 2 - 8/3 - 185/(-111). Calculate u(z).
30
Suppose 0 = -3*r - 4*w - 24 + 3, 0 = 3*r - w + 21. Let s(o) = 43*o + 9. Let q(m) = -36*m - 8. Let d(h) = -6*q(h) - 5*s(h). Give d(r).
-4
Let y = -7 + 5. Suppose 0 = -t - 2, -2*h - 4*t = -2*t - 2. Let w(b) = h - 1 + 4*b**2 - 4. Give w(y).
14
Let w(l) = 6*l. Suppose -5*u = 3*h + 41, -3 = 3*u - 5*h + 42. Let g be (-99)/55 + (-8)/u. What is w(g)?
-6
Suppose 42*o = 111 - 27. Let i(v) = -2*v - 1. What is i(o)?
-5
Let c(k) = -k + 9. Let z be c(9). Suppose -6 = -z*d - 3*d. Let a(i) = -6*i**2 - 2 + i**3 + 4*i**2 + 0*i**2. Determine a(d).
-2
Let h(v) = -2*v**2 + 2*v - 2*v**3 - 2 + 3 - 2. Let j(a) = -6*a - 41. Let f = 80 + -87. Let c be j(f). Determine h(c).
-3
Let y(i) = 29*i + 16 - 20*i - 11. Determine y(-2).
-13
Let y(u) = 19*u. Let s(t) = -14*t + 1. Let n(o) = -3*s(o) - 2*y(o). Determine n(-4).
-19
Suppose -w = 2*p + 8, -w + 4*w - 4*p - 16 = 0. Let z(a) = a**2 - 11*a + 12. Let o be z(10). Let j(d) = -6*d + 5*d - 2 + o*d. Calculate j(w).
-2
Let m(n) = -n. Suppose -i = 2*i + 39. Let h = i + 25. Suppose h = -b + 14. Give m(b).
-2
Let a(c) be the third derivative of -c**5/30 - c**4/6 + c**3/6 - c**2. Suppose 93*b = 4*t + 91*b + 2, 0 = -3*t - 3*b - 24. Give a(t).
-5
Let z be (-1)/24*-6*(-400)/20. Let c(m) be the second derivative of -m**5/20 - 5*m**4/12 - m**3/2 - m**2 + m. What is c(z)?
13
Suppose 2 = -h - 26. Let j = h + 26. Let u(v) = v**3 + 3*v**2 + 4*v + 2. What is u(j)?
-2
Let q(t) = t - 3. Let c(k) = -4*k**3 + 2*k - 1. Let s be c(1). Let i be q(s). Let m(z) = -8 + 5 - 4095*z + 4094*z. Give m(i).
3
Let x(u) = 3 - 5*u + 17*u + 1 - 13*u. Determine x(-3).
7
Let a(d) = d - 1. Let c = -4 + -6. Let n be 17 + c - 1*4. Calculate a(n).
2
Suppose 11*t = 7*t - 12. Let q be 5/(-15)*3 + t. Let v(b) be the first derivative of -b**2/2 - 4*b - 5. What is v(q)?
0
Suppose 5*z = 6*z - 2. Let r(l) = 76*l**2 - l**3 + 0*l - 3*l - 69*l**z + 9 - 3*l. Suppose -2*o + 11 = -o + m, -3*m = 4*o - 39. What is r(o)?
9
Let g(x) = -x**2 - 7*x - 2. Suppose 13*n - 14*n = 2. Let b be 3 + ((-4)/n - 12). Determine g(b).
-2
Let r(b) = b**3 - 4*b**2 + 3*b - 12. Let g be r(4). Suppose g = 8*m - 5*m - 6. Let h(n) = -6*n - 4. Let z(w) = -w - 1. Let c(t) = h(t) - 3*z(t). Give c(m).
-7
Let i(g) be the first derivative of -g**3/6 - g**2/2 - 26*g + 13. Let f(q) be the first derivative of i(q). Determine f(0).
-1
Let h = -110 - -141. Suppose c - 6*c - h = -3*g, 4*c = -3*g - 14. Let x(s) = -3*s - 3. What is x(c)?
12
Let l(k) = k - 5. Suppose 0 = 10*n + 51 - 71. Give l(n).
-3
Let f = 930 + -928. Let u(s) = 23*s**2 - 23*s**2 - 1 + s**3. Calculate u(f).
7
Suppose 3*r + 18 = 12*r. Let n(x) = -3*x + 0*x**2 + x**2 + r*x - x**3 - 5*x**2. Give n(-4).
4
Let a be 111/(-9) - (-2)/6. Let l(b) = -b**3 - 11*b**2 + 10*b - 16. Let c be l(a). Let m(x) = x**2 - 8*x - 2. Give m(c).
-2
Suppose -3*g + 4*w = -0 - 6, w + 4 = 2*g. Suppose 0 = -4*d + 2*n + 2, 5*d + g*n - 7*n = -5. Let p(c) = 0*c**2 + 2*c**2 + 2*c**d + 0*c**2. What is p(-1)?
4
Let b(i) = -28*i**3 - 12*i**2 + 13*i + 10. Let a(z) = -13*z**3 - 6*z**2 + 6*z + 5. Let f(d) = -13*a(d) + 6*b(d). Give f(-6).
-5
Let t be 0/(-3) - 3 - 0. Let g(j) be the second derivative of j**5/20 + j**4/4 - 3*j**2/2 - 2*j - 3. What is g(t)?
-3
Let p(b) = 17*b + 1. Suppose -5 = u - 2*v, -u + 4 - 6 = -5*v. Let j(g) be the second derivative of -g**3/6 - 4*g**2 - 7*g. Let r be j(u). Calculate p(r).
-16
Let w(n) = 2 + 3*n**2 + n + 22 - 9 + 9*n**2 + n**3. Determine w(-12).
3
Let j(k) = -k**3 + 3*k + 3. Suppose -2*a = -4*a - 2*q - 6, -3*q = -5*a - 7. Let d be j(a). Let f(u) = u**2 - 5*u - 2. Calculate f(d).
-2
Let m(p) = -11*p**3 - 8*p**2 - 2*p + 6. Let h(s) = -31*s**3 - 24*s**2 - 5*s + 17. Let q(k) = 6*h(k) - 17*m(k). Give q(7).
-21
Let c(a) = -2*a - 18. Let m be c(-10). Let l(o) = o + 5 - 3*o + m*o - o. Let p = -11 + 7. What is l(p)?
9
Let z be (2 + (-6)/4)*-10. Let a(j) = -2*j**2 + 5*j + 2. Let t(u) = -u**2 - 1. Let k(g) = a(g) - 3*t(g). Calculate k(z).
5
Let g be 4/12 + 28/6. Suppose -4*v - 5 = g*s + 11, -v - 4*s - 15 = 0. L